2537 is divided by 202?
15
What is the remainder when 147107 is divided by 73532?
43
What is the remainder when 5303 is divided by 148?
123
Calculate the remainder when 782 is divided by 91.
54
What is the remainder when 48091 is divided by 48?
43
What is the remainder when 182159 is divided by 552?
551
What is the remainder when 29116 is divided by 882?
10
Calculate the remainder when 6243 is divided by 22.
17
Calculate the remainder when 2343 is divided by 1118.
107
Calculate the remainder when 2328 is divided by 2293.
35
What is the remainder when 1026 is divided by 250?
26
What is the remainder when 9467 is divided by 23?
14
What is the remainder when 400557 is divided by 4307?
6
What is the remainder when 5542 is divided by 808?
694
What is the remainder when 10370 is divided by 1021?
160
What is the remainder when 51570 is divided by 289?
128
Calculate the remainder when 40352 is divided by 7.
4
Calculate the remainder when 9432 is divided by 1513.
354
Calculate the remainder when 2443441 is divided by 37.
35
What is the remainder when 19146 is divided by 119?
106
What is the remainder when 485702 is divided by 169?
165
Calculate the remainder when 16834 is divided by 2800.
34
What is the remainder when 72994 is divided by 12?
10
What is the remainder when 20943 is divided by 10?
3
What is the remainder when 845657 is divided by 99?
98
Calculate the remainder when 1379 is divided by 30.
29
What is the remainder when 14448 is divided by 91?
70
What is the remainder when 131482 is divided by 32868?
10
Calculate the remainder when 824758 is divided by 237.
235
Calculate the remainder when 4071 is divided by 42.
39
What is the remainder when 1347 is divided by 310?
107
Calculate the remainder when 7543 is divided by 49.
46
Calculate the remainder when 7050 is divided by 6.
0
What is the remainder when 219138 is divided by 54784?
2
Calculate the remainder when 4595 is divided by 1441.
272
What is the remainder when 9677 is divided by 29?
20
What is the remainder when 677850 is divided by 1503?
1500
What is the remainder when 3266 is divided by 1071?
53
Calculate the remainder when 87473 is divided by 3016.
9
What is the remainder when 1208 is divided by 27?
20
What is the remainder when 3044 is divided by 6?
2
Calculate the remainder when 37450 is divided by 52.
10
What is the remainder when 6610 is divided by 1646?
26
Calculate the remainder when 219516 is divided by 145.
131
What is the remainder when 17642 is divided by 518?
30
Calculate the remainder when 454640 is divided by 173.
169
What is the remainder when 1446 is divided by 106?
68
What is the remainder when 666239 is divided by 666223?
16
Calculate the remainder when 3017957 is divided by 141.
134
Calculate the remainder when 12859 is divided by 45.
34
Calculate the remainder when 63291 is divided by 31635.
21
Calculate the remainder when 49934 is divided by 16612.
98
What is the remainder when 1840 is divided by 23?
0
Calculate the remainder when 27841 is divided by 87.
1
What is the remainder when 45455 is divided by 79?
30
What is the remainder when 9783 is divided by 9523?
260
Calculate the remainder when 213 is divided by 115.
98
What is the remainder when 1435716 is divided by 358923?
24
Calculate the remainder when 8812 is divided by 109.
92
Calculate the remainder when 27269 is divided by 303.
302
What is the remainder when 33850 is divided by 868?
866
Calculate the remainder when 13256 is divided by 255.
251
What is the remainder when 79167 is divided by 87?
84
What is the remainder when 200803 is divided by 69?
13
Calculate the remainder when 22005 is divided by 21.
18
Calculate the remainder when 8101 is divided by 1227.
739
Calculate the remainder when 383858 is divided by 21.
20
Calculate the remainder when 82400 is divided by 35.
10
What is the remainder when 1186 is divided by 643?
543
What is the remainder when 519 is divided by 58?
55
What is the remainder when 2165 is divided by 17?
6
What is the remainder when 6975 is divided by 291?
282
Calculate the remainder when 46916 is divided by 120.
116
What is the remainder when 994 is divided by 18?
4
What is the remainder when 5045 is divided by 283?
234
What is the remainder when 1071 is divided by 154?
147
Calculate the remainder when 120309 is divided by 60154.
1
Calculate the remainder when 2186 is divided by 979.
228
What is the remainder when 11313 is divided by 1410?
33
What is the remainder when 229442 is divided by 35?
17
What is the remainder when 3745 is divided by 1872?
1
Calculate the remainder when 366477 is divided by 1939.
6
Calculate the remainder when 421 is divided by 8.
5
What is the remainder when 5145 is divided by 465?
30
Calculate the remainder when 13857 is divided by 3258.
825
Calculate the remainder when 408506 is divided by 204252.
2
Calculate the remainder when 6793 is divided by 2237.
82
What is the remainder when 142005 is divided by 35499?
9
Calculate the remainder when 542321 is divided by 35.
31
What is the remainder when 29162 is divided by 1?
0
What is the remainder when 4447 is divided by 40?
7
What is the remainder when 44875 is divided by 22?
17
What is the remainder when 40750 is divided by 24?
22
Calculate the remainder when 2376 is divided by 379.
102
What is the remainder when 4379 is divided by 189?
32
What is the remainder when 2809 is divided by 719?
652
Calculate the remainder when 4913 is divided by 377.
12
What is the remainder when 36294 is divided by 616?
566
What is the remainder when 190272 is divided by 169?
147
Calculate the remainder when 9843 is divided by 3276.
15
Calculate the remainder when 3085 is divided by 110.
5
What is the remainder when 4518 is divided by 1100?
118
Calculate the remainder when 5144 is divided by 75.
44
Calculate the remainder when 1892 is divided by 728.
436
What is the remainder when 241002 is divided by 80328?
18
Calculate the remainder when 2684 is divided by 1053.
578
Calculate the remainder when 1774 is divided by 378.
262
Calculate the remainder when 57272 is divided by 166.
2
Calculate the remainder when 111860 is divided by 103.
2
Calculate the remainder when 12063 is divided by 75.
63
What is the remainder when 7707 is divided by 340?
227
Calculate the remainder when 75028 is divided by 1631.
2
Calculate the remainder when 192754 is divided by 99.
1
Calculate the remainder when 1126 is divided by 1019.
107
Calculate the remainder when 121597 is divided by 160.
157
What is the remainder when 1520 is divided by 494?
38
What is the remainder when 682 is divided by 46?
38
What is the remainder when 30217 is divided by 46?
41
Calculate the remainder when 10497 is divided by 5197.
103
What is the remainder when 3098 is divided by 2500?
598
Calculate the remainder when 3893 is divided by 514.
295
Calculate the remainder when 405 is divided by 204.
201
What is the remainder when 56584 is divided by 775?
9
What is the remainder when 132446 is divided by 25?
21
Calculate the remainder when 19874 is divided by 902.
30
What is the remainder when 123734 is divided by 4124?
14
What is the remainder when 39014 is divided by 6483?
116
What is the remainder when 86423 is divided by 31?
26
What is the remainder when 24296 is divided by 8075?
71
Calculate the remainder when 2400 is divided by 132.
24
Calculate the remainder when 4556 is divided by 2264.
28
What is the remainder when 823 is divided by 823?
0
Calculate the remainder when 137399 is divided by 7231.
10
Calculate the remainder when 63374 is divided by 434.
10
What is the remainder when 2949 is divided by 8?
5
What is the remainder when 18072 is divided by 3?
0
What is the remainder when 78642 is divided by 147?
144
Calculate the remainder when 1105 is divided by 1042.
63
What is the remainder when 117574 is divided by 2734?
12
Calculate the remainder when 1894028 is divided by 37.
35
Calculate the remainder when 71930 is divided by 98.
96
Calculate the remainder when 5467 is divided by 127.
6
Calculate the remainder when 3098 is divided by 49.
11
What is the remainder when 723 is divided by 249?
225
Calculate the remainder when 13996 is divided by 72.
28
Calculate the remainder when 6758 is divided by 354.
32
Calculate the remainder when 538872 is divided by 551.
545
Calculate the